24)). Let v = 129 - j. List the prime factors of v.
2, 3
Suppose 36 = v + 5*h, 25 = 2*v + 4*h - 17. Suppose -17*n + 138 = -v*n. What are the prime factors of n?
23
Suppose 0 = -5*f + 5*w + 385, 3*w + 72 = 4*f - 231. Let l be (5/((-10)/(-4)))/(132/(-1782)). Let p = f - l. What are the prime factors of p?
3, 11
Suppose 4*u - 4*h - 23168 = 0, -32880 + 9697 = -4*u + h. What are the prime factors of u?
11, 17, 31
Let d be (-11 + (-38)/(-3))*(-18)/(-10). Suppose -4*x - d*l = -3*x - 1334, l = -3*x + 3994. What are the prime factors of x?
11
Let r(t) = 2 - 2*t + 103*t**2 + t - 5*t - 2*t + 11*t. List the prime factors of r(-2).
2, 3, 17
Suppose 18 = 2*h + 2*w, 0*w = h + 3*w + 1. Suppose 13*i = h*i - 4. Suppose 4*r - 2*a = 695 - 45, -i*a + 12 = 0. List the prime factors of r.
2, 41
Suppose -2*s - 13598 = -5*w - 3035, -w = 4*s - 2117. List the prime factors of w.
2113
Suppose -97*u = -107*u + 130280. List the prime factors of u.
2, 3257
Suppose -5*i = -t - 3910, 2*i - 1644 = -3*t - 63. Let r = 1096 - i. What are the prime factors of r?
313
Let o = 12 - 7. Suppose -a = o*a. Suppose a = 11*b - 13*b + 268. What are the prime factors of b?
2, 67
What are the prime factors of 5/90*9213*6?
37, 83
Suppose -4 = -6*o + 8. Suppose 5*p - 46 + 9 = -2*b, o*b = 4*p - 44. Suppose 3*g = p*g - 564. List the prime factors of g.
2, 47
Let d = -8944 + 19465. What are the prime factors of d?
3, 7, 167
Let k = 201 - 196. Suppose -3*h + 4*h + 5*m = 27, -k*h + 5*m = -225. List the prime factors of h.
2, 3, 7
Let p(r) = -3*r**3 + r**2 - 3*r + 3. Let f be p(2). Suppose 42*a - 40*a = 88. Let c = a + f. What are the prime factors of c?
3, 7
Suppose -111*o = -192*o + 104*o - 167141. What are the prime factors of o?
13, 43
Let r(l) = 995*l**3 + 10*l**2 - 34*l + 16. Let v be r(4). Suppose -4*y - 32*y + v = 0. What are the prime factors of y?
2, 3, 5, 59
Suppose o = -5*q + q + 20, 5*o - 20 = -4*q. Suppose 5 = q*g - n, -3*g - n + 11 = -0*n. Suppose 473 = g*i + 105. What are the prime factors of i?
2, 23
Suppose -2*a + 688 + 812 = 2*o, -5*o = a - 3770. List the prime factors of o.
5, 151
Suppose -3*v - 585 = -4*v. Let l = -14 + v. What are the prime factors of l?
571
Let v be (-6 + (-8)/(-4))/(-2). Suppose v*b - j - 346 = 2*j, 5*j = 0. What are the prime factors of b?
173
Let g = -7030 - -12270. List the prime factors of g.
2, 5, 131
Suppose -5*b + 3*y + 12 + 18 = 0, 5*y = 0. Suppose -5*o + 5 + b = 3*v, 2*o - 12 = -5*v. List the prime factors of (((-20)/(-3))/o)/((-3)/(-18)).
2, 5
Suppose 2*f + 767 + 571 = 0. Let q = -439 - f. What are the prime factors of q?
2, 5, 23
Let d = 95 - 89. Suppose d*j - 1071 = 3*j. List the prime factors of j.
3, 7, 17
Let u be (-6)/21 + 612/(-14). Let w = -22 - -72. Let z = u + w. What are the prime factors of z?
2, 3
Let l(t) = -3*t - 3. Let k be l(-1). Suppose 3*a - 4*r - 2384 = k, -2*r - 3*r - 1580 = -2*a. Suppose 12*u - a = 232. List the prime factors of u.
2, 43
Let o = 10579 + -6730. List the prime factors of o.
3, 1283
Suppose -3*p = -j + 4 - 0, 12 = -4*j - 2*p. Let a(n) = 165*n**2 + 8*n - 2. What are the prime factors of a(j)?
2, 3, 107
Let w = 127 - 123. Suppose -2*u - 3*u = -15, -w*m = 4*u - 232. List the prime factors of m.
5, 11
Suppose 0 = 9*m - 32596 - 31160. Suppose -28*q - m = -39*q. List the prime factors of q.
2, 7, 23
Suppose 49*z - 24150 - 51224 = 708087. What are the prime factors of z?
59, 271
Suppose 6*a = 16*a - 2350. Suppose z - 3*h = -3*z + a, 285 = 5*z + 5*h. List the prime factors of z.
2, 29
What are the prime factors of (-18 - -16)/((-4)/19410)?
3, 5, 647
List the prime factors of 12173 - (-2 - (24 - 8)).
73, 167
Let b = 87 + -81. Suppose -b*m - 11 = -5. List the prime factors of (((-12)/(-16))/(3/(-264)))/m.
2, 3, 11
Let j(i) = 9*i + 9966. What are the prime factors of j(178)?
2, 3, 241
Let o = -14530 + 24549. List the prime factors of o.
43, 233
Suppose -8*v + 109 - 29 = 0. Suppose 5*b - 27 = -z, z + 4*b = v + 13. List the prime factors of z/(-7) + 1*12.
11
Let a(p) = -5*p**3 - 2*p**2 + 4*p - 2. Let n(w) = -20*w**3 - 9*w**2 + 17*w - 8. Let s(f) = -9*a(f) + 2*n(f). What are the prime factors of s(2)?
2, 19
Let y = 34181 + -17870. List the prime factors of y.
3, 5437
Suppose 12*o - 3*o = 171. Suppose -q = -22 + o. Suppose 3*r - q*z - 240 = -0*z, 0 = 2*r + 2*z - 172. What are the prime factors of r?
83
Let s(n) = 7807*n**2 + 1738*n + 5205. List the prime factors of s(-3).
2, 3, 1301
Let s = 89 - 22. Suppose -2*z + 4*r - 45 = s, 0 = -3*r - 15. Let c = z + 163. List the prime factors of c.
97
Let j(p) = 7*p**3 - 22*p**2 - p + 6. Let x(y) = -y**3 + y**2 + 1. Let g(z) = -j(z) - 6*x(z). What are the prime factors of g(7)?
2, 109
List the prime factors of ((-96)/18 + 5)*-19077.
6359
Let a be 188/14 + (-54)/126. Suppose -16*i = -a*i - 6. Suppose 5*k + 3*y - i = 11, -3*y - 22 = -2*k. List the prime factors of k.
5
Suppose -6*b + 9*b = -1905. Let s = -111 - b. List the prime factors of s.
2, 131
Let h(i) = -i**2 - 11*i + 31. Let k be h(-13). Suppose -339 = -k*x + 4*x - 2*g, -333 = -x - 4*g. What are the prime factors of x?
3, 5, 23
Let t(q) = -8*q - 57 - 16 + 25. Let s be t(-6). Suppose s*f + 3*f - 315 = 2*i, -i = 4*f - 431. What are the prime factors of f?
107
What are the prime factors of (-15 - (13 - 534/30))/((-1)/2815)?
3, 17, 563
Suppose 2*d = -b + 104225, 13*b = -2*d + 18*b + 104207. What are the prime factors of d?
31, 41
Let p(m) = -m + 6. Let x be p(3). Let t = 26 + x. Suppose t*o - 172 = 25*o. List the prime factors of o.
43
Suppose 4*y = -0*p + p + 29706, 2*y - 14862 = -4*p. What are the prime factors of y?
7, 1061
Suppose -214*c = -176*c - 491*c + 16104603. What are the prime factors of c?
73, 487
Let a(o) = 57*o**2 - 96*o + 479. List the prime factors of a(8).
3359
Suppose 2*g + 138690 = 5*q, -83214 = 56*q - 59*q - 4*g. List the prime factors of q.
2, 3, 23, 67
Let o(i) = -2*i**3 - 157*i**2 - 140*i + 13. What are the prime factors of o(-79)?
2, 11, 787
Let m = 8070 + -4762. List the prime factors of m.
2, 827
Suppose 114 - 113 = l, 2*k = 3*l + 9555. What are the prime factors of k?
3, 59
Suppose -4*d - 26 = -3*d. Let s(h) = -2*h - 45. Let w be s(d). Suppose -66 - 186 = -w*l. List the prime factors of l.
2, 3
Suppose -20354 = -2*y + 3*o, -51*y = -50*y - 3*o - 10168. What are the prime factors of y?
2, 11, 463
Let v(h) = -8*h + 13. Let d be v(19). Let g = 229 + d. List the prime factors of g.
2, 3, 5
Let n be 1/(5/(-3)) - 54/10. What are the prime factors of (1 - 58/n)*(-90)/(-20)?
2, 3
Let g(c) = -4*c - 28. Let r be g(-9). Suppose 2168 = r*k - 1008. List the prime factors of k.
397
Let k(v) = -v**3 + 14*v**2 + 6*v + 23. Suppose 0 = 4*g + 37 - 181. Let o = g - 22. What are the prime factors of k(o)?
107
Let j = -38 - -108. What are the prime factors of (19/5)/((4/2)/j)?
7, 19
Suppose -4*u = 25*x - 30*x - 921, 3*u = -18. Let p = -116 + 39. Let b = p - x. List the prime factors of b.
2, 7
Suppose 2*m + 2*u - 20 = 0, 5*m + 16 = 8*m - 4*u. Let f(p) = -p**3 + 6*p**2 - 5*p - 1. Let z be f(5). What are the prime factors of 129*(m/6 + z)?
43
Let u(l) = -35*l + 42. Let b be u(-6). Suppose -s + b = 2*h - 246, -3*s - 4*h = -1484. What are the prime factors of s?
2, 61
Let f = 8 + -9. What are the prime factors of f*-6*(1 + 235/10)?
3, 7
Let c be 4 - 0 - (-2 + 6). Suppose 5*v - 15 = -4*a + 29, c = 4*a + 2*v - 32. List the prime factors of (-28)/(-21) - (-406)/a.
3, 23
Let w(j) = 825*j + 1152. List the prime factors of w(18).
2, 3, 7, 127
Let n = -1015 + 1766. List the prime factors of n.
751
Let d be 17353/(-148) + (-10)/(-8). Let n = d + 880. What are the prime factors of n?
2, 191
Suppose 0 = 260*y - 259*y - 2*h - 10510, 2*y - h - 21002 = 0. List the prime factors of y.
2, 29, 181
Let x(s) = -2*s**2 - 12*s + 15. Let m be x(-10). Let y be (-4 + 3 + m)/(-2). Suppose c + p + 3*p = y, 4*c + 2*p - 202 = 0. List the prime factors of c.
53
What are the prime factors of (-2170)/(-30)*27 + (-12)/(-2)?
3, 653
Let c = 38014 + -24503. What are the prime factors of c?
59, 229
Let w(j) = 2*j - 10. Let n(s) = 6*s**3 - s**2 + s. Let a be n(1). Let h be w(a). What are the prime factors of (-3 + (-1 - -2))*h*-1?
2
Suppose -139858 = 43*n - 833319. What are the prime factors of n?
16127
Suppose -n - 5*z = -27166, 4*z + 10519 = n - 16620. What are the 